3*s - s + 2*t + 22. What is the units digit of s?
8
Let h(w) = 12 - 10*w - 3 + 102*w**2 - 100*w**2. Suppose -4*m = -3*n + 6 - 40, 0 = -4*n - 8. What is the tens digit of h(m)?
3
Let j(v) = -v**2 + 6*v. Let q be j(6). Suppose q*p = 5*p - 15. Suppose -p*x = 5*z - 2*x - 42, 5*x - 2 = z. What is the units digit of z?
8
Suppose 0 = 7*u - 8 + 64. Let x(i) = i**3 + 8*i**2 - 3*i + 20. What is the units digit of x(u)?
4
Suppose -3*t + 6*t = 42. Let n be (0 + 12)*21/t. Let m = 2 + n. What is the tens digit of m?
2
Suppose -15318 - 1858 = -38*x. What is the hundreds digit of x?
4
Let q(k) = 22*k**2 - 4*k - 5. Suppose -x + 5 = 2. What is the units digit of q(x)?
1
Let n(p) = 143*p - 89. What is the tens digit of n(8)?
5
Let i = -1290 - -1841. What is the units digit of i?
1
Suppose 13*i + 21*i - 12206 = 0. What is the hundreds digit of i?
3
Suppose 9*c + 4739 - 22604 = 0. What is the units digit of c?
5
Suppose -3*m = l - 571 - 54, -5*m + 10 = 0. Suppose -c + l = 3*u, 0 = -2*u + 6*u - c - 830. What is the units digit of u?
7
Suppose -161*x + 127*x = -79900. What is the units digit of x?
0
Suppose 123*v + 8242 = 125*v. What is the hundreds digit of v?
1
Let t(s) = 2*s**3 - 55*s**2 + 41*s - 50. What is the tens digit of t(27)?
2
Let c(z) = 9*z + 8. Let m be c(-1). What is the tens digit of 3 - 3 - ((1 - m) + -23)?
2
Let o be 46/(-4) - (2/(-4))/(-1). Let a(q) = -q**3 - 10*q**2 + 16*q - 2. What is the tens digit of a(o)?
9
Suppose -28*d = -5*d - 7820. What is the hundreds digit of d?
3
Let x = 74 + -76. Let r(v) = -23*v + 8. What is the units digit of r(x)?
4
Let r(t) = -39*t - 9. Let i be r(-9). Suppose -i = -2*b - 4*b. What is the tens digit of b?
5
Let c(r) = r**2 - 2*r + 32. What is the tens digit of c(40)?
5
Let l be (-11136)/(-56) + (-3)/(-21). What is the units digit of (-7)/(35/25) + l?
4
Suppose 27 = 5*j - 3. Suppose -3*f - j = -f. What is the tens digit of f*(1 - 0)*-7?
2
Let q(f) = 6*f**2 + f + 16. What is the hundreds digit of q(6)?
2
Let q(m) = -92*m + 275. What is the tens digit of q(-4)?
4
Let b = -7 + 13. Let g be (-8)/(-6) - 14/b. What is the tens digit of (7 + g)*(5 + -3)?
1
Suppose 0*r + 4*r - 636 = 0. Let w = -88 + r. What is the units digit of w?
1
Suppose -2945 = -4*b - 5*c - 66, 0 = 5*b - 4*c - 3609. What is the units digit of b?
1
Let r = -6 + -6. Let n(a) be the first derivative of -a**4/4 - 4*a**3 - 2*a**2 - 15*a - 201. What is the tens digit of n(r)?
3
Suppose -2*a = -5*i + 11, 0*a + a - 2*i = -4. Let t = -46 - -49. Suppose -a*c = 3*l - 28, -t*c - 27 = -3*l - 6*c. What is the tens digit of l?
1
Suppose 2*r + 6 = -5*x + 29, 5*r - 5*x = -30. Let c = 1 - r. Suppose 3*t - 63 = -3*l, 5*l = c*t - 0*t + 77. What is the units digit of l?
7
Suppose -4*u + 2*u + 2*y + 168 = 0, -3*y + 12 = 0. What is the units digit of 9/11 + 16/u?
1
Let s = -43 + 45. Suppose -s*k = 2*p - 140, 10*p - 5*p - 86 = -k. What is the units digit of k?
6
Let v(l) = -3*l**3 - 7*l**2 - 11*l + 11. What is the units digit of v(-6)?
3
Suppose 0*r - o = -r - 1, 0 = -3*r + 5*o - 7. Suppose 0 = z - 0 + r. Let d = z - -17. What is the tens digit of d?
1
Suppose 0 = -68*t + 60404 + 60704. What is the thousands digit of t?
1
Let q = 26 - 25. Suppose -2*t + 5 = q. Suppose -2*o - t*o = -196. What is the units digit of o?
9
Let m be 0/(1*(-3 - -4)). Suppose 0*a - 2*b = -4*a + 86, m = 2*b - 10. Suppose a = -2*n + 106. What is the tens digit of n?
4
Let v = 755 - 495. What is the units digit of (-2)/12 - v/(-120)?
2
Let o be -13 + 20 + (-2)/2. Suppose 259 + 137 = o*f. What is the tens digit of f?
6
Suppose -s = -4*h + 1407, -4*h - 6*s = -2*s - 1412. What is the units digit of h?
2
Let t(j) = -18*j - 3. Suppose 4 - 36 = -8*r. Let a be (-23)/7 - r/(-14). What is the tens digit of t(a)?
5
What is the tens digit of (-11494)/(-14) - (1 - -2)?
1
Suppose -176 = 3*s - 5*s + p, 5*s + 3*p - 418 = 0. Let l = s + 27. What is the hundreds digit of l?
1
Let a = 4 - 1. Suppose -a*y + 3 = -9. Suppose 248 = 4*d + 4*v, 224 = -0*d + y*d - 4*v. What is the tens digit of d?
5
Suppose 0 = 6*r - 7*r + 194. What is the tens digit of r/(15/6 + (-2)/4)?
9
Let u be (-76)/(-95)*(-85)/(-2). Let z = u + -19. What is the units digit of z?
5
Suppose 16*v = 13*v. Suppose v = 18*p - 17*p - 32. What is the units digit of p?
2
Let j = -41 + 689. What is the units digit of j?
8
Suppose 3*a = 6*a - 0*a. Suppose k - 2*f = -4*k + 171, 2*f - 4 = a. What is the units digit of k?
5
Let l be -1 + -3 + 869 - -4. Suppose -3*h = 3*y - 651, -h - 2*h + l = 4*y. What is the hundreds digit of y?
2
Suppose 2*f - 631 = u, 3*f = -3*u + 262 + 707. Suppose 0 = -6*m + 1272 - f. What is the units digit of m?
9
Suppose -8*x + x + 812 = 0. Let m = 13 + x. What is the hundreds digit of m?
1
Let d = -522 + 630. What is the units digit of d?
8
Let b(m) = 725*m**2 + 17*m - 35. What is the hundreds digit of b(2)?
8
Suppose 2*g + 592 - 2662 = 0. What is the units digit of g?
5
Let m(s) = s**2 + s + 1. Let x be m(-4). Let y = 21 - x. What is the units digit of y?
8
Let o be 1/(-4) + 8724/(-48). Let w = 289 + o. What is the tens digit of w?
0
Suppose 20 = v - 4*b + 6*b, -5*b - 28 = -4*v. Suppose v*h = 16*h - 12. Suppose s - 2*t = -h*s + 252, -3*t = -4*s + 250. What is the units digit of s?
4
Let g be (-30)/40 - 1/4. What is the tens digit of ((-1)/1 - -3)*(29 + g)?
5
Let v(x) = 2*x**2 + 13*x + 24. What is the tens digit of v(-21)?
3
Let u(v) = 54*v - 120. What is the tens digit of u(8)?
1
What is the units digit of (-1015)/(-4) - (-5)/((-180)/27)?
3
Let w(y) = 27*y + 9. Let o(c) = -28*c - 10. Let f(s) = -3*o(s) - 4*w(s). What is the units digit of f(-3)?
6
Suppose -3*v + 44 = 5*j, -2*v - 2*j + 16 = -12. Suppose v*s + 276 = 17*s. What is the units digit of s?
9
Suppose -2*p + 220 = -326. Let a = p - 174. What is the tens digit of a?
9
What is the tens digit of (-1)/((6 - 4)/(-1178))?
8
Let u(t) = t**3 + t**2 + 219. Let r be u(0). Suppose -2*z - z = -5*b - 192, -3*z = 4*b - r. What is the units digit of z?
9
Let y(o) = o + 1. Let q(b) be the first derivative of -b**3/3 - 4*b**2 - 2*b + 1. Let g(z) = q(z) + 3*y(z). What is the units digit of g(-5)?
1
Let w = -1 + 20. Suppose -l + 2*l = w. Let v = -9 + l. What is the tens digit of v?
1
Let f be (-1)/((105/34)/(-3) + 1). Let m = f + 64. What is the tens digit of m?
9
Let d(b) = b**3 - 3*b**2. Let a be d(3). Suppose -5*x + x = a. What is the tens digit of -6*(-2 + x + 0)?
1
Let m(b) = 3*b**2 - 8*b + 61. What is the tens digit of m(-11)?
1
Suppose 9 = -3*o, c + c - 2*o = 898. What is the tens digit of c?
4
What is the units digit of ((-1)/(-4))/(43/860)?
5
Let f be 4/6 - 8*(-4)/24. Suppose -2*z - 421 = -5*u, -2*u - 3*z - f*z = -180. What is the units digit of u?
5
Let g(p) = -16 + 11 + 10 - p + 9. What is the tens digit of g(-4)?
1
Suppose 2*m + 3375 = 4*d - 637, -4002 = -4*d - 3*m. What is the tens digit of d?
0
Let n(m) = m + 42. Let c be n(0). Let v = c + 1239. What is the units digit of v/33 - 2/(-11)?
9
Suppose -9*d - 10511 + 50777 = 0. What is the tens digit of d?
7
Suppose -4 = s + 28. Let z = 35 + s. Suppose 2*g + z*r = g + 32, 5*g - 5*r = 140. What is the tens digit of g?
2
Suppose 0 = -9*v + 3286 + 3203. What is the units digit of v?
1
Let r(d) = d**2 + 2*d + 1. Let t be r(-1). Let u be (-1194)/(-15) + 54/135. What is the units digit of u/2 + t + -2?
8
Let q = 2688 + -1525. What is the hundreds digit of q?
1
Let y = -1 + 3. Suppose 4*r + 88 = 4*x, 50 = y*x - r - 3*r. Let k = 43 - x. What is the units digit of k?
4
Let b = 28 - 43. What is the units digit of ((-18)/b)/((-18)/(-60))?
4
Suppose 0 = -12*d + 15*d - 918. What is the tens digit of d?
0
Let p(n) = 32*n**3 + n**2 + 3*n - 3. Let v be p(1). Let y(b) = -b**3 - 8*b**2 - 10*b - 7. Let m be y(-7). Let z = m + v. What is the units digit of z?
7
Let p(r) = -r - 2*r - 4*r + 16 + 0*r. What is the tens digit of p(-8)?
7
Let b(o) = o**3 - 8*o**2 + 6*o + 10. Let d be b(7). Suppose -4*f = -5*t - d*f + 442, -2*t - 2*f = -184. What is the tens digit of t?
8
Let v(q) = -6 + 14*q - 7 + 2 - 1. What is the hundreds digit of v(9)?
1
Let m(n) = 50*n**3 - 2*n**2 - 3*n + 8. What is the tens digit of m(2)?
9
Suppose -3*t = -6*t + 15. Suppose 0 = 2*v + 1 - t. Suppose 60 = v*x - 20. What is the tens digit of x?
4
Suppose 3*a + 2*a + 3*l = -36, 18 = -4*a + 3*l. 